omposite number?
False
Let f be 2/(-2)*(-2 + -3). Suppose f*b = b + 1076. Is b composite?
False
Let y be (0 - (0 - 0)) + 2. Suppose -6 = -y*r - w, 0 = -3*r - 5*w + 4*w + 9. Suppose 0 = -3*j - 8*o + 3*o + 1925, 0 = r*j + 2*o - 1913. Is j composite?
True
Let u(o) = o - 4. Let v be u(9). Suppose -3*f + 11 + 1 = 0, 5*f = -v*i + 6450. Let w = -839 + i. Is w a prime number?
False
Is ((-4)/(-2))/(-14*(-13)/36127) prime?
True
Let k = -69 - -74. Suppose 5*v - 4*n - 3900 = -1157, -k*n = -4*v + 2189. Is v a composite number?
True
Let m = 21 + -20. Is m + 1 - (-1819 + 4) prime?
False
Let k = -27 + 27. Suppose 9*q - 3*q - 4074 = k. Is q prime?
False
Let u = -446 - -2454. Suppose -a + 3*o = -u, 6*a - 2*a = 4*o + 8016. Suppose v + 4*r = 491, -8*v + 3*r = -4*v - a. Is v composite?
False
Let j(q) = 2689*q**3 - 2*q**2 - 11*q + 21. Is j(2) a prime number?
True
Let o = -47 - 15. Suppose -4*w - 370 = 4*i - 1190, 0 = -2*i - w + 406. Let n = i - o. Is n a prime number?
True
Suppose 4*t - 2*t - 8 = 0. Let w = t - 1. Suppose -3*b = 5*n - 909, -5*n + w*b = 197 - 1118. Is n a composite number?
True
Suppose -68215 = -2676*k + 2671*k. Is k prime?
False
Let c = 11 - 7. Let h be c/14 + 220/(-35). Let n(s) = -s**3 - 4*s**2 + 3*s - 8. Is n(h) a prime number?
False
Let v(s) = -s**2 - 1. Let t be v(-1). Let z(k) = k**2 + k - 2. Let u be z(t). Suppose u = -2*w - 2*w + 472. Is w a prime number?
False
Let u = 121 + 322. Let m = 512 + u. Is m a prime number?
False
Suppose -3*o = -4*h - 7, 2*h + 11 = o + 2*o. Let g be 0 + (-4 + h)/(-1). Suppose 3*w - 31 = g. Is w a prime number?
True
Is (1340/30)/(12/414) a prime number?
False
Suppose -2458 = -n - 379. Suppose -13552 = -11*f - n. Is f prime?
False
Is -4*20/96 - (-7523)/6 a composite number?
True
Suppose -3*v + 4*g = -8759, v = 2*g + 2137 + 782. Is v a prime number?
False
Let i(s) = s**3 - 23*s**2 - 29*s + 8. Is i(25) a prime number?
False
Let f(a) = -a**3 - 17*a**2 - 16*a + 6. Let d be f(-16). Suppose -q - 2355 = -d*q. Is q prime?
False
Suppose 22783 = 5*b - 2*a - 11714, 3*b + 5*a - 20692 = 0. Is b composite?
False
Suppose -8*d + 3843 = -d. Let o = 196 + d. Is o composite?
True
Suppose 2*y - 3*z + 2*z + 1443 = 0, z - 3 = 0. Let o = 421 - y. Is o a composite number?
True
Suppose 4*f + 33 - 29 = 0. Is f/(2/(-634)*1) a prime number?
True
Suppose -16*r - 4*m = -20*r + 136568, r + m = 34152. Is r prime?
True
Let u(l) = -5616*l + 749. Is u(-9) a composite number?
True
Let n(c) = 14*c**2 + 5*c + 4. Let t be n(-3). Let g(w) = -20*w + 12. Let k be g(-1). Suppose k = -h + t. Is h a prime number?
True
Let c = 53661 + -25704. Is c composite?
True
Let m(p) = 5*p**2 - 2*p + 748. Let n be m(0). Suppose 74*a + n = 78*a. Is a a prime number?
False
Let w be 6/9 + (1 - (-4396)/(-6)). Let r = w + 1120. Is r a composite number?
False
Let y be 4*-9*1/(-6). Let v = -6 + y. Suppose v*j = 2*j - 230. Is j composite?
True
Suppose -3*v + 1122 - 225 = 0. Let t = 1464 - v. Is t prime?
False
Let c be 1/(-1)*1*-2. Is -1 - 8120/(-7 + c) a prime number?
False
Let f = 5 - -10. Suppose 5*g + 570 = z + 63, 0 = -5*z - f. Let m = -53 - g. Is m composite?
True
Is (75/(-50))/(3/(-34514)) a composite number?
False
Is (3*(-6490)/45)/(12/(-18)) a composite number?
True
Let r = 24254 + -913. Is r a composite number?
True
Suppose 0*b = 3*b - 24999. Suppose 0 = 29*j - 16*j - b. Is j composite?
False
Let f(p) = p**3 + 2*p**2 - 1. Let m be f(1). Suppose n + m = -g, -g + 4 = -2*g. Suppose 32 = 3*i + n*c, 5*i + 3*c + 10 = 63. Is i a prime number?
False
Suppose 5*l - 4*h - 59221 - 21206 = 0, -l - 2*h = -16091. Is l composite?
False
Is 176444/6 + (-54)/162 a prime number?
False
Let l = -1947 - -2769. Let w = l - -329. Is w composite?
False
Let h(n) = n**3 - 5*n**2 - 15*n + 9. Let f be h(7). Suppose -2*k - 3158 = -4*q, 4*k - f*k = -5*q + 3961. Is q prime?
False
Is ((-37451)/(-51))/(1/6) prime?
False
Let z = -5370 + 9457. Is z a composite number?
True
Let z(m) = -m**2 - 3*m - 3. Let b be z(-3). Let r(l) = l**2 + 3*l. Let y be r(b). Suppose y = -4*p - 4*c + 24, p = c - 1 + 9. Is p composite?
False
Let t be (1 - 10/15) + (-28)/(-6). Let a(l) = 141*l**2 - 25*l + 7. Is a(t) a composite number?
False
Let u be -2*(3/(-2) + -1). Suppose -4 = -u*x + 11. Suppose -292 = -5*p + h, x*h = -3*p + 70 + 98. Is p prime?
False
Let p(v) = -2 + 8 - 4 - 16*v + 4. Let x be p(-11). Suppose 0 = -z, 5*i = 4*z - x + 757. Is i a composite number?
True
Let z(h) = 24*h - 72. Let s be z(-22). Let g = s - -865. Is g a prime number?
False
Let n(p) = 402*p - 3. Let w be n(-6). Let u be w/(-28)*1*4. Let x = u + -38. Is x composite?
False
Let k = 23 + -10. Suppose k = q - 86. Suppose -q = -5*z + 6. Is z composite?
True
Let z = 754 - -1513. Is z composite?
False
Let p(r) = r**2 + 4*r + 2857. Is p(0) prime?
True
Let x = -224 + 4539. Is x a prime number?
False
Suppose -4*z + 526 = -1546. Suppose 8*m + z - 2494 = 0. Is m a prime number?
False
Suppose -22014 + 832579 = 35*a. Is a composite?
False
Suppose 6*t - 4*t - 172 = 0. Let v = 98 + t. Suppose -y + 2*k + v = 3*y, 4*k - 243 = -5*y. Is y prime?
True
Suppose -56 = l - 5*l. Let q = l + -12. Let s(t) = 73*t + 3. Is s(q) a composite number?
False
Is (-70 - -69)/((-2)/2498) composite?
False
Suppose 2*i + 0*i - 2*g - 936 = 0, 4*i = -3*g + 1879. Let n = -243 + i. Is n composite?
True
Suppose 6*d - 4*d = 5*a + 13962, d = 5*a + 6971. Let g = d + -3980. Is g a prime number?
True
Let r(p) = 1443*p + 13. Let k be r(5). Let q = k - 3363. Is q a prime number?
False
Let t = 1852 - -535. Suppose -r = x - 798, -3*r - x = -5*x - t. Is r a prime number?
True
Let b(i) = i**2 - 8. Let x be b(0). Let u(w) = -w**2 + 13*w + 3. Let r be u(13). Is r/8 + (-4165)/x a composite number?
False
Suppose 5*m - 108084 = -14379. Is m a prime number?
False
Suppose 6*u = 2*u - 24. Let j be 3/u - 51/6. Is (-3337)/j + 4/18 prime?
False
Let k = 9 - 0. Let c = k + -9. Suppose t - 14 - 29 = c. Is t a prime number?
True
Let u(y) = -23*y**3 + y**2 - y + 30. Is u(-5) composite?
True
Is 4090 + 8 + 2/2 composite?
False
Suppose c + 0*d = 3*d + 4, 3*c + 12 = d. Is (614/(-4))/(2 - c/(-2)) composite?
False
Let k = -23905 + 54036. Is k a composite number?
True
Suppose -59236 = 116*d - 120*d. Is d a composite number?
True
Suppose -2*w = -2*g - 2*g + 20, 5*w + 5*g = 25. Suppose w = -5*v + 809 + 1196. Is v a composite number?
False
Let l(r) = -r**2 - 12*r - 2. Let c be l(-11). Let a(y) = 11*y**2 - 5*y - 8. Let s be a(c). Suppose 3*i - 5*i = -s. Is i composite?
False
Let r(q) = 329*q**2 + 11*q - 11. Let a(h) = 330*h**2 + 12*h - 10. Let j(s) = 4*a(s) - 3*r(s). Is j(4) composite?
False
Let c = -3 - -5. Is 111 + (c - 2) + 4 prime?
False
Is ((-24)/(-18))/(4/3951) a prime number?
False
Suppose -3*w = -4 - 5. Suppose s - w*g + 6787 = 3*s, -3*g = 3*s - 10176. Is s a composite number?
False
Let x(p) = 220*p - 29. Is x(7) prime?
True
Suppose 5*d = -15 - 5. Is (-5 + -3)/d*(-3278)/(-4) composite?
True
Let x(f) = -f + 10. Let g = -14 + 14. Let i be x(g). Let y(l) = l + 12. Is y(i) a prime number?
False
Suppose -4*t - 1086 = -5*n + 1113, 0 = -3*n + 2*t + 1321. Is n a prime number?
True
Suppose 1750 = 2*c - 2224. Is c prime?
True
Suppose 17*r = 24*r - 26243. Is r a composite number?
True
Let k(y) = -y**3 + 4*y**2 + 14*y - 8. Let x be k(6). Suppose 100 + 608 = x*w. Is w composite?
True
Suppose 450 = 3*z + 447. Let j be 2/(-4)*(1 - -1). Is 33 + j/(z/2) a prime number?
True
Let i(j) = 0*j + 0*j + 9*j**2 + 5. Let r = 930 + -926. Is i(r) composite?
False
Suppose -5*b + 28 = -3*m, 1 = -3*b + 4*m + 9. Let a = 8 - b. Suppose a*o - 5*o - 5*y + 205 = 0, 0 = 2*o + 5*y - 94. Is o a prime number?
True
Let l = 352 + 5. Let o = 386 + l. Is o a composite number?
False
Suppose 13526 = 4*a - 3074. Suppose f + 1163 = 4*l - a, -f = l - 1322. Is l composite?
False
Suppose 0 = -o + 4*j + 8181 + 970, 4*j = -2*o + 18290. Suppose 3*m - 2*v = 6859, -2*v + 3*v = 4*m - o. Is m composite?
False
Let c be (-1 + 97)/(-4) - -2. Let u = 24 + c. Suppose u*p + 10 = 0, 0*b + 5*p = -2*b + 357. Is b a prime number?
True
Let h(a) = -38*a**3 + a**2 - 2*a + 1. Suppose 0 = -5*o - 0*o - 15. Is h(o) prime?
False
Let z = 9263 - 3294. Is z composite?
True
Let q = 534 + -343. Is q prime?
True
Let n(v) = 5 + 11*v + 5*v + 15. Let x be n(6). Suppose -58 = -f + z, -4*z = -0*f - 2*f + x. I